{"id":2176,"date":"2025-08-06T10:49:51","date_gmt":"2025-08-06T13:49:51","guid":{"rendered":"https:\/\/drcheckup.com.br\/loja\/?post_type=product&#038;p=2176"},"modified":"2025-10-22T08:03:57","modified_gmt":"2025-10-22T11:03:57","slug":"check-up-criancas-2","status":"publish","type":"product","link":"https:\/\/drcheckup.com.br\/loja\/produto\/check-up-criancas-2\/","title":{"rendered":"CHECK-UP CRIAN\u00c7AS"},"content":{"rendered":"<h2><strong>O CHECK-UP PARA CRIAN\u00c7AS DE 0 A 9 ANOS inclui os seguintes exames<\/strong><\/h2>\n<p><strong>CREATININA<\/strong><br \/>\n<strong>GLICOSE<\/strong><br \/>\n<strong>HEMOGRAMA COMPLETO<\/strong><br \/>\n<strong>UREIA<\/strong><br \/>\n<strong>URINA I<\/strong><br \/>\n<strong>TRANSAMINASE GLUT\u00c2MICA OXA-LAC\u00c9TICA<\/strong><br \/>\n<strong>TRANSAMINASE GLUT\u00c2MICA PIR\u00da-VICA<\/strong><br \/>\n<strong>COLESTEROL TOTAL<\/strong><br \/>\n<strong>HDL &#8211; COLESTEROL<\/strong><br \/>\n<strong>LDL &#8211; COLESTEROL<\/strong><br \/>\n<strong>VLDL &#8211; COLESTEROL<\/strong><br \/>\n<strong>TRIGLIC\u00c9RIDES<\/strong><br \/>\n<strong>\u00c1CIDO \u00daRICO (DOSAGEM)<\/strong><br \/>\n<strong>FERRO S\u00c9RICO<\/strong><br \/>\n<strong>BILIRRUBINAS TOTAIS E FRA\u00c7\u00d5ES<\/strong><br \/>\n<strong>C\u00c1LCIO<\/strong><br \/>\n<strong>PROTE\u00cdNA C REATIVA<\/strong><\/p>\n<p>&nbsp;<\/p>\n","protected":false},"excerpt":{"rendered":"<p><strong>N\u00e3o h\u00e1 nada mais importante que nossos filhos.Garantir a sua sa\u00fade sempre ser\u00e1<\/strong><br \/>\n<strong>uma das nossasprincipais prioridades. Pen<\/strong><br \/>\n<strong>sando nisso, criamos umpacote especial de<\/strong><br \/>\n<strong>exames para monitorar a sa\u00fadedas crian\u00e7as de zero at\u00e9 nove anos. Os examesfornecem informa\u00e7\u00f5es suficientes para amparar oseu pediatra de confian\u00e7a na avalia\u00e7\u00e3o docrescimento saud\u00e1vel dos nossos pequenos.<\/strong><\/p>\n","protected":false},"featured_media":412,"template":"","meta":[],"product_brand":[],"product_cat":[31],"product_tag":[],"class_list":{"0":"post-2176","1":"product","2":"type-product","3":"status-publish","4":"has-post-thumbnail","6":"product_cat-laboratorio","8":"first","9":"instock","10":"virtual","11":"purchasable","12":"product-type-simple"},"jetpack_sharing_enabled":true,"_links":{"self":[{"href":"https:\/\/drcheckup.com.br\/loja\/wp-json\/wp\/v2\/product\/2176","targetHints":{"allow":["GET"]}}],"collection":[{"href":"https:\/\/drcheckup.com.br\/loja\/wp-json\/wp\/v2\/product"}],"about":[{"href":"https:\/\/drcheckup.com.br\/loja\/wp-json\/wp\/v2\/types\/product"}],"wp:featuredmedia":[{"embeddable":true,"href":"https:\/\/drcheckup.com.br\/loja\/wp-json\/wp\/v2\/media\/412"}],"wp:attachment":[{"href":"https:\/\/drcheckup.com.br\/loja\/wp-json\/wp\/v2\/media?parent=2176"}],"wp:term":[{"taxonomy":"product_brand","embeddable":true,"href":"https:\/\/drcheckup.com.br\/loja\/wp-json\/wp\/v2\/product_brand?post=2176"},{"taxonomy":"product_cat","embeddable":true,"href":"https:\/\/drcheckup.com.br\/loja\/wp-json\/wp\/v2\/product_cat?post=2176"},{"taxonomy":"product_tag","embeddable":true,"href":"https:\/\/drcheckup.com.br\/loja\/wp-json\/wp\/v2\/product_tag?post=2176"}],"curies":[{"name":"wp","href":"https:\/\/api.w.org\/{rel}","templated":true}]}}