{"id":3059,"date":"2025-10-06T09:39:08","date_gmt":"2025-10-06T12:39:08","guid":{"rendered":"https:\/\/drcheckup.com.br\/loja\/?page_id=3059"},"modified":"2025-10-06T09:39:08","modified_gmt":"2025-10-06T12:39:08","slug":"emagrecimento","status":"publish","type":"page","link":"https:\/\/drcheckup.com.br\/loja\/emagrecimento\/","title":{"rendered":"EMAGRECIMENTO"},"content":{"rendered":"<div class=\"woocommerce columns-4 \"><div class=\"woocommerce-notices-wrapper\"><\/div><p class=\"woocommerce-result-count\" role=\"alert\" aria-relevant=\"all\" >\n\tMostrando todos os 4 resultados<\/p>\n<form class=\"woocommerce-ordering\" method=\"get\">\n\t\t<select\n\t\tname=\"orderby\"\n\t\tclass=\"orderby\"\n\t\t\t\t\taria-label=\"Pedido da loja\"\n\t\t\t>\n\t\t\t\t\t<option value=\"menu_order\"  selected='selected'>Ordena\u00e7\u00e3o padr\u00e3o<\/option>\n\t\t\t\t\t<option value=\"popularity\" >Ordenar por popularidade<\/option>\n\t\t\t\t\t<option value=\"date\" >Ordenar por mais recente<\/option>\n\t\t\t\t\t<option value=\"price\" >Ordenar por pre\u00e7o: menor para maior<\/option>\n\t\t\t\t\t<option value=\"price-desc\" >Ordenar por pre\u00e7o: maior para menor<\/option>\n\t\t\t<\/select>\n\t<input type=\"hidden\" name=\"paged\" value=\"1\" \/>\n\t<\/form>\n<ul class=\"products columns-4\">\n<li class=\"product type-product post-4228 status-publish first instock product_cat-emagrecimento has-post-thumbnail downloadable virtual taxable purchasable product-type-subscription\">\n\t<a href=\"https:\/\/drcheckup.com.br\/loja\/produto\/protocolo-de-emagrecimento-com-tirzepatida-25-4-semanas-2\/\" class=\"woocommerce-LoopProduct-link woocommerce-loop-product__link\"><img fetchpriority=\"high\" decoding=\"async\" width=\"300\" height=\"300\" src=\"https:\/\/drcheckup.com.br\/loja\/wp-content\/uploads\/2026\/01\/WhatsApp-Image-2026-01-07-at-15.50.07-300x300.jpeg\" class=\"attachment-woocommerce_thumbnail size-woocommerce_thumbnail\" alt=\"Protocolo de Emagrecimento com Tirzepatida 2,5 \u2013 4 Semanas\" srcset=\"https:\/\/drcheckup.com.br\/loja\/wp-content\/uploads\/2026\/01\/WhatsApp-Image-2026-01-07-at-15.50.07-300x300.jpeg 300w, https:\/\/drcheckup.com.br\/loja\/wp-content\/uploads\/2026\/01\/WhatsApp-Image-2026-01-07-at-15.50.07-1024x1024.jpeg 1024w, https:\/\/drcheckup.com.br\/loja\/wp-content\/uploads\/2026\/01\/WhatsApp-Image-2026-01-07-at-15.50.07-150x150.jpeg 150w, https:\/\/drcheckup.com.br\/loja\/wp-content\/uploads\/2026\/01\/WhatsApp-Image-2026-01-07-at-15.50.07-768x768.jpeg 768w, https:\/\/drcheckup.com.br\/loja\/wp-content\/uploads\/2026\/01\/WhatsApp-Image-2026-01-07-at-15.50.07-600x600.jpeg 600w, https:\/\/drcheckup.com.br\/loja\/wp-content\/uploads\/2026\/01\/WhatsApp-Image-2026-01-07-at-15.50.07-100x100.jpeg 100w, https:\/\/drcheckup.com.br\/loja\/wp-content\/uploads\/2026\/01\/WhatsApp-Image-2026-01-07-at-15.50.07.jpeg 1080w\" sizes=\"(max-width: 300px) 100vw, 300px\" \/><h2 class=\"woocommerce-loop-product__title\">Protocolo de Emagrecimento com Tirzepatida 2,5 \u2013 4 Semanas<\/h2>\n\t<span class=\"price\"><span class=\"woocommerce-Price-amount amount\"><bdi><span class=\"woocommerce-Price-currencySymbol\">&#82;&#36;<\/span>&nbsp;750,00<\/bdi><\/span> <span class=\"subscription-details\"> em 1 m\u00eas.<\/span><\/span>\n<\/a><a href=\"\/loja\/wp-json\/wp\/v2\/pages\/3059?add-to-cart=4228\" aria-describedby=\"woocommerce_loop_add_to_cart_link_describedby_4228\" data-quantity=\"1\" class=\"button product_type_subscription add_to_cart_button ajax_add_to_cart\" data-product_id=\"4228\" data-product_sku=\"\" aria-label=\"Assinar: &quot;Protocolo de Emagrecimento com Tirzepatida 2,5 \u2013 4 Semanas&quot;\" rel=\"nofollow\" data-success_message=\"\u201cProtocolo de Emagrecimento com Tirzepatida 2,5 \u2013 4 Semanas\u201d foi adicionado ao seu carrinho\">Assinar<\/a>\t<span id=\"woocommerce_loop_add_to_cart_link_describedby_4228\" class=\"screen-reader-text\">\n\t\t\t<\/span>\n<\/li>\n<li class=\"product type-product post-4220 status-publish instock product_cat-emagrecimento has-post-thumbnail downloadable virtual taxable purchasable product-type-subscription\">\n\t<a href=\"https:\/\/drcheckup.com.br\/loja\/produto\/protocolo-de-emagrecimento-com-tirzepatida-4-semanas\/\" class=\"woocommerce-LoopProduct-link woocommerce-loop-product__link\"><img decoding=\"async\" width=\"300\" height=\"300\" src=\"https:\/\/drcheckup.com.br\/loja\/wp-content\/uploads\/2026\/01\/WhatsApp-Image-2026-01-07-at-15.50.07-1-300x300.jpeg\" class=\"attachment-woocommerce_thumbnail size-woocommerce_thumbnail\" alt=\"Protocolo de Emagrecimento com Tirzepatida \u2013 4 Semanas\" srcset=\"https:\/\/drcheckup.com.br\/loja\/wp-content\/uploads\/2026\/01\/WhatsApp-Image-2026-01-07-at-15.50.07-1-300x300.jpeg 300w, https:\/\/drcheckup.com.br\/loja\/wp-content\/uploads\/2026\/01\/WhatsApp-Image-2026-01-07-at-15.50.07-1-1024x1024.jpeg 1024w, https:\/\/drcheckup.com.br\/loja\/wp-content\/uploads\/2026\/01\/WhatsApp-Image-2026-01-07-at-15.50.07-1-150x150.jpeg 150w, https:\/\/drcheckup.com.br\/loja\/wp-content\/uploads\/2026\/01\/WhatsApp-Image-2026-01-07-at-15.50.07-1-768x768.jpeg 768w, https:\/\/drcheckup.com.br\/loja\/wp-content\/uploads\/2026\/01\/WhatsApp-Image-2026-01-07-at-15.50.07-1-600x600.jpeg 600w, https:\/\/drcheckup.com.br\/loja\/wp-content\/uploads\/2026\/01\/WhatsApp-Image-2026-01-07-at-15.50.07-1-100x100.jpeg 100w, https:\/\/drcheckup.com.br\/loja\/wp-content\/uploads\/2026\/01\/WhatsApp-Image-2026-01-07-at-15.50.07-1.jpeg 1080w\" sizes=\"(max-width: 300px) 100vw, 300px\" \/><h2 class=\"woocommerce-loop-product__title\">Protocolo de Emagrecimento com Tirzepatida \u2013 4 Semanas<\/h2>\n\t<span class=\"price\"><span class=\"woocommerce-Price-amount amount\"><bdi><span class=\"woocommerce-Price-currencySymbol\">&#82;&#36;<\/span>&nbsp;1.350,00<\/bdi><\/span> <span class=\"subscription-details\"> em 1 m\u00eas.<\/span><\/span>\n<\/a><a href=\"\/loja\/wp-json\/wp\/v2\/pages\/3059?add-to-cart=4220\" aria-describedby=\"woocommerce_loop_add_to_cart_link_describedby_4220\" data-quantity=\"1\" class=\"button product_type_subscription add_to_cart_button ajax_add_to_cart\" data-product_id=\"4220\" data-product_sku=\"\" aria-label=\"Assinar: &quot;Protocolo de Emagrecimento com Tirzepatida \u2013 4 Semanas&quot;\" rel=\"nofollow\" data-success_message=\"\u201cProtocolo de Emagrecimento com Tirzepatida \u2013 4 Semanas\u201d foi adicionado ao seu carrinho\">Assinar<\/a>\t<span id=\"woocommerce_loop_add_to_cart_link_describedby_4220\" class=\"screen-reader-text\">\n\t\t\t<\/span>\n<\/li>\n<li class=\"product type-product post-3071 status-publish instock product_cat-emagrecimento has-post-thumbnail taxable shipping-taxable purchasable product-type-simple\">\n\t<a href=\"https:\/\/drcheckup.com.br\/loja\/produto\/programa-emagrecimento-slim-fit\/\" class=\"woocommerce-LoopProduct-link woocommerce-loop-product__link\"><img decoding=\"async\" width=\"300\" height=\"300\" src=\"https:\/\/drcheckup.com.br\/loja\/wp-content\/uploads\/2025\/10\/SLIM-FIT-300x300.jpeg\" class=\"attachment-woocommerce_thumbnail size-woocommerce_thumbnail\" alt=\"PROGRAMA EMAGRECIMENTO SLIM FIT\" srcset=\"https:\/\/drcheckup.com.br\/loja\/wp-content\/uploads\/2025\/10\/SLIM-FIT-300x300.jpeg 300w, https:\/\/drcheckup.com.br\/loja\/wp-content\/uploads\/2025\/10\/SLIM-FIT-150x150.jpeg 150w, https:\/\/drcheckup.com.br\/loja\/wp-content\/uploads\/2025\/10\/SLIM-FIT-768x768.jpeg 768w, https:\/\/drcheckup.com.br\/loja\/wp-content\/uploads\/2025\/10\/SLIM-FIT-600x600.jpeg 600w, https:\/\/drcheckup.com.br\/loja\/wp-content\/uploads\/2025\/10\/SLIM-FIT-100x100.jpeg 100w, https:\/\/drcheckup.com.br\/loja\/wp-content\/uploads\/2025\/10\/SLIM-FIT.jpeg 1024w\" sizes=\"(max-width: 300px) 100vw, 300px\" \/><h2 class=\"woocommerce-loop-product__title\">PROGRAMA EMAGRECIMENTO SLIM FIT<\/h2>\n<\/a><a href=\"\/loja\/wp-json\/wp\/v2\/pages\/3059?add-to-cart=3071\" aria-describedby=\"woocommerce_loop_add_to_cart_link_describedby_3071\" data-quantity=\"1\" class=\"button product_type_simple add_to_cart_button ajax_add_to_cart\" data-product_id=\"3071\" data-product_sku=\"\" aria-label=\"Adicione ao carrinho: &ldquo;PROGRAMA EMAGRECIMENTO SLIM FIT&rdquo;\" rel=\"nofollow\" data-success_message=\"\u201cPROGRAMA EMAGRECIMENTO SLIM FIT\u201d foi adicionado ao seu carrinho\">Adicionar ao carrinho<\/a>\t<span id=\"woocommerce_loop_add_to_cart_link_describedby_3071\" class=\"screen-reader-text\">\n\t\t\t<\/span>\n<\/li>\n<li class=\"product type-product post-3069 status-publish last instock product_cat-emagrecimento has-post-thumbnail taxable shipping-taxable purchasable product-type-simple\">\n\t<a href=\"https:\/\/drcheckup.com.br\/loja\/produto\/teste-epigenetico\/\" class=\"woocommerce-LoopProduct-link woocommerce-loop-product__link\"><img loading=\"lazy\" decoding=\"async\" width=\"300\" height=\"300\" src=\"https:\/\/drcheckup.com.br\/loja\/wp-content\/uploads\/2025\/10\/EPIGENETICO-300x300.jpeg\" class=\"attachment-woocommerce_thumbnail size-woocommerce_thumbnail\" alt=\"TESTE EPIGEN\u00c9TICO\" srcset=\"https:\/\/drcheckup.com.br\/loja\/wp-content\/uploads\/2025\/10\/EPIGENETICO-300x300.jpeg 300w, https:\/\/drcheckup.com.br\/loja\/wp-content\/uploads\/2025\/10\/EPIGENETICO-150x150.jpeg 150w, https:\/\/drcheckup.com.br\/loja\/wp-content\/uploads\/2025\/10\/EPIGENETICO-768x768.jpeg 768w, https:\/\/drcheckup.com.br\/loja\/wp-content\/uploads\/2025\/10\/EPIGENETICO-600x600.jpeg 600w, https:\/\/drcheckup.com.br\/loja\/wp-content\/uploads\/2025\/10\/EPIGENETICO-100x100.jpeg 100w, https:\/\/drcheckup.com.br\/loja\/wp-content\/uploads\/2025\/10\/EPIGENETICO.jpeg 1024w\" sizes=\"(max-width: 300px) 100vw, 300px\" \/><h2 class=\"woocommerce-loop-product__title\">TESTE EPIGEN\u00c9TICO<\/h2>\n<\/a><a href=\"\/loja\/wp-json\/wp\/v2\/pages\/3059?add-to-cart=3069\" aria-describedby=\"woocommerce_loop_add_to_cart_link_describedby_3069\" data-quantity=\"1\" class=\"button product_type_simple add_to_cart_button ajax_add_to_cart\" data-product_id=\"3069\" data-product_sku=\"\" aria-label=\"Adicione ao carrinho: &ldquo;TESTE EPIGEN\u00c9TICO&rdquo;\" rel=\"nofollow\" data-success_message=\"\u201cTESTE EPIGEN\u00c9TICO\u201d foi adicionado ao seu carrinho\">Adicionar ao carrinho<\/a>\t<span id=\"woocommerce_loop_add_to_cart_link_describedby_3069\" class=\"screen-reader-text\">\n\t\t\t<\/span>\n<\/li>\n<\/ul>\n<\/div>\n","protected":false},"excerpt":{"rendered":"","protected":false},"author":1,"featured_media":0,"parent":0,"menu_order":0,"comment_status":"closed","ping_status":"closed","template":"","meta":{"footnotes":""},"class_list":["post-3059","page","type-page","status-publish","hentry"],"jetpack_sharing_enabled":true,"_links":{"self":[{"href":"https:\/\/drcheckup.com.br\/loja\/wp-json\/wp\/v2\/pages\/3059","targetHints":{"allow":["GET"]}}],"collection":[{"href":"https:\/\/drcheckup.com.br\/loja\/wp-json\/wp\/v2\/pages"}],"about":[{"href":"https:\/\/drcheckup.com.br\/loja\/wp-json\/wp\/v2\/types\/page"}],"author":[{"embeddable":true,"href":"https:\/\/drcheckup.com.br\/loja\/wp-json\/wp\/v2\/users\/1"}],"replies":[{"embeddable":true,"href":"https:\/\/drcheckup.com.br\/loja\/wp-json\/wp\/v2\/comments?post=3059"}],"version-history":[{"count":1,"href":"https:\/\/drcheckup.com.br\/loja\/wp-json\/wp\/v2\/pages\/3059\/revisions"}],"predecessor-version":[{"id":3060,"href":"https:\/\/drcheckup.com.br\/loja\/wp-json\/wp\/v2\/pages\/3059\/revisions\/3060"}],"wp:attachment":[{"href":"https:\/\/drcheckup.com.br\/loja\/wp-json\/wp\/v2\/media?parent=3059"}],"curies":[{"name":"wp","href":"https:\/\/api.w.org\/{rel}","templated":true}]}}